
List the prime factors of 470673.
3, 7, 31, 241
What are the prime factors of 18344?
2, 2293
List the prime factors of 740241.
3, 233, 353
List the prime factors of 17934397.
13, 43, 32083
What are the prime factors of 271871?
19, 41, 349
What are the prime factors of 10230505?
5, 2046101
List the prime factors of 2085378.
2, 3, 347563
What are the prime factors of 381322?
2, 37, 5153
List the prime factors of 745632.
2, 3, 863
List the prime factors of 8000418.
2, 3, 31, 43013
What are the prime factors of 3136837?
11, 199, 1433
What are the prime factors of 493767?
3, 83, 661
List the prime factors of 558781.
558781
What are the prime factors of 3444759?
3, 382751
List the prime factors of 3296775.
3, 5, 113, 389
List the prime factors of 19691211.
3, 71, 193, 479
What are the prime factors of 643530?
2, 3, 5, 19, 1129
List the prime factors of 166869.
3, 18541
What are the prime factors of 31011980?
2, 5, 173, 8963
List the prime factors of 4613172.
2, 3, 31, 12401
List the prime factors of 20107250.
2, 5, 80429
What are the prime factors of 6413383?
6413383
What are the prime factors of 7087430?
2, 5, 7, 103, 983
What are the prime factors of 271943?
7, 53, 733
List the prime factors of 251312.
2, 113, 139
What are the prime factors of 117997?
11, 17, 631
List the prime factors of 278357.
173, 1609
What are the prime factors of 3405949?
47, 72467
What are the prime factors of 889169?
29, 30661
List the prime factors of 1602618.
2, 3, 37, 7219
List the prime factors of 7070304.
2, 3, 47, 1567
List the prime factors of 5998839.
3, 7, 11, 25969
What are the prime factors of 26356686?
2, 3, 19, 41, 5639
What are the prime factors of 11455515?
3, 5, 193, 1319
What are the prime factors of 2507661?
3, 13, 21433
List the prime factors of 1142267.
7, 163181
List the prime factors of 1991483.
13, 153191
What are the prime factors of 20894749?
20894749
List the prime factors of 256495.
5, 43, 1193
What are the prime factors of 979926?
2, 3, 163321
List the prime factors of 6001.
17, 353
What are the prime factors of 59329?
79, 751
List the prime factors of 14375652.
2, 3, 1197971
What are the prime factors of 15383014?
2, 7691507
What are the prime factors of 10617992?
2, 7, 11, 1567
What are the prime factors of 8359?
13, 643
What are the prime factors of 501271?
501271
List the prime factors of 1958116.
2, 489529
What are the prime factors of 111262?
2, 55631
List the prime factors of 612078.
2, 3, 102013
What are the prime factors of 786449?
786449
List the prime factors of 504841.
167, 3023
What are the prime factors of 687311?
687311
List the prime factors of 232089.
3, 11, 13, 541
List the prime factors of 13375594.
2, 41, 163117
List the prime factors of 33619516.
2, 7, 1200697
List the prime factors of 8342728.
2, 653, 1597
List the prime factors of 309936.
2, 3, 11, 587
List the prime factors of 69881.
7, 67, 149
What are the prime factors of 2136457?
2136457
List the prime factors of 728700.
2, 3, 5, 7, 347
List the prime factors of 390830.
2, 5, 11, 17, 19
List the prime factors of 8995373.
8995373
What are the prime factors of 2219126?
2, 7, 13, 89, 137
List the prime factors of 1999502.
2, 71, 14081
What are the prime factors of 6408901?
6408901
What are the prime factors of 237451?
101, 2351
List the prime factors of 12063374.
2, 1033, 5839
What are the prime factors of 299641?
109, 2749
List the prime factors of 10521354.
2, 3, 1753559
What are the prime factors of 194371?
194371
What are the prime factors of 4012502?
2, 13, 37, 43, 97
What are the prime factors of 1919438?
2, 959719
What are the prime factors of 1486734?
2, 3, 37, 181
What are the prime factors of 570172?
2, 142543
List the prime factors of 4709470.
2, 5, 470947
What are the prime factors of 186283?
186283
List the prime factors of 789176.
2, 23, 4289
What are the prime factors of 12967437?
3, 7, 29, 107, 199
List the prime factors of 1887708.
2, 3, 47, 3347
List the prime factors of 13950305.
5, 23, 29, 47, 89
What are the prime factors of 12070529?
19, 635291
What are the prime factors of 585994?
2, 23, 12739
What are the prime factors of 567885?
3, 5, 17, 131
What are the prime factors of 270048?
2, 3, 29, 97
List the prime factors of 36173741.
619, 58439
List the prime factors of 2534358.
2, 3, 422393
List the prime factors of 133850.
2, 5, 2677
List the prime factors of 8144693.
8144693
List the prime factors of 26887078.
2, 89, 151051
What are the prime factors of 544618?
2, 307, 887
What are the prime factors of 16635748?
2, 241, 17257
What are the prime factors of 784575?
3, 5, 11, 317
List the prime factors of 22740810.
2, 3, 5, 691, 1097
What are the prime factors of 143110?
2, 5, 11, 1301
What are the prime factors of 180560?
2, 5, 37, 61
What are the prime factors of 2736314?
2, 7, 241, 811
What are the prime factors of 9553818?
2, 3, 29, 54907
List the prime factors of 224090.
2, 5, 22409
What are the prime factors of 2492347?
11, 13, 29, 601
List the prime factors of 4582615.
5, 241, 3803
What are the prime factors of 102110?
2, 5, 10211
List the prime factors of 1375672.
2, 61, 2819
What are the prime factors of 8595321?
3, 7, 563, 727
List the prime factors of 4372361.
7, 223, 2801
What are the prime factors of 1590739?
1590739
List the prime factors of 468390.
2, 3, 5, 13, 1201
List the prime factors of 2274901.
2274901
List the prime factors of 180589.
419, 431
What are the prime factors of 11432?
2, 1429
What are the prime factors of 626951?
13, 29, 1663
List the prime factors of 14184628.
2, 307, 11551
List the prime factors of 571978.
2, 11, 25999
What are the prime factors of 2720417?
7, 23, 61, 277
List the prime factors of 11768511.
3, 1619, 2423
What are the prime factors of 2415672?
2, 3, 7, 4793
What are the prime factors of 2504723?
13, 23, 8377
List the prime factors of 1770417.
3, 11, 1987
What are the prime factors of 12762515?
5, 2552503
What are the prime factors of 489294?
2, 3, 13, 17, 41
List the prime factors of 331875.
3, 5, 59
What are the prime factors of 8825295?
3, 5, 17, 53, 653
What are the prime factors of 13683852?
2, 3, 7, 13, 4177
List the prime factors of 12616500.
2, 3, 5, 13, 647
What are the prime factors of 18480674?
2, 9240337
List the prime factors of 1864814.
2, 7, 133201
List the prime factors of 1929120.
2, 3, 5, 4019
What are the prime factors of 987218?
2, 29, 17021
What are the prime factors of 32100015?
3, 5, 2140001
List the prime factors of 196302.
2, 3, 32717
What are the prime factors of 1198742?
2, 599371
List the prime factors of 2717504.
2, 42461
What are the prime factors of 486412?
2, 277, 439
List the prime factors of 282367.
41, 71, 97
List the prime factors of 452554.
2, 71, 3187
What are the prime factors of 339412?
2, 53, 1601
List the prime factors of 13156033.
11, 1196003
List the prime factors of 24323531.
24323531
What are the prime factors of 1459308?
2, 3, 121609
What are the prime factors of 16051?
7, 2293
What are the prime factors of 275382?
2, 3, 15299
List the prime factors of 334175.
5, 13367
What are the prime factors of 10686102?
2, 3, 7, 43, 61, 97
List the prime factors of 665090.
2, 5, 66509
What are the prime factors of 39284?
2, 7, 23, 61
List the prime factors of 613218.
2, 3, 102203
List the prime factors of 1624202.
2, 812101
List the prime factors of 13609025.
5, 73, 7457
What are the prime factors of 571333?
7, 81619
List the prime factors of 31015.
5, 6203
List the prime factors of 995857.
601, 1657
List the prime factors of 206617.
107, 1931
List the prime factors of 69415.
5, 13883
What are the prime factors of 7338615?
3, 5, 489241
What are the prime factors of 478484?
2, 37, 53, 61
What are the prime factors of 8583268?
2, 41, 199, 263
What are the prime factors of 645015?
3, 5, 7, 6143
List the prime factors of 15995150.
2, 5, 19, 113, 149
List the prime factors of 476162.
2, 238081
What are the prime factors of 207035?
5, 47, 881
List the prime factors of 12203236.
2, 3050809
List the prime factors of 1741538.
2, 47, 97, 191
What are the prime factors of 12924156?
2, 3, 7, 53, 2903
List the prime factors of 16020354.
2, 3, 7, 29, 1879
What are the prime factors of 2203447?
2203447
List the prime factors of 113319.
3, 1399
What are the prime factors of 5737